{"version":"1.0","provider_name":"AGRIWEB TV","provider_url":"https:\/\/agriweb.tv","author_name":"l.candelon","author_url":"https:\/\/agriweb.tv\/index.php\/author\/l-candelon\/","title":"\u00c0 l\u2019\u00c9cole des \u00e2nes mara\u00eechers avec Pascal Sachot - AGRIWEB TV","type":"rich","width":600,"height":338,"html":"<blockquote class=\"wp-embedded-content\" data-secret=\"5hxHNqRNKU\"><a href=\"https:\/\/agriweb.tv\/index.php\/film\/a-lecole-des-anes-maraichers-avec-pascal-sachot\/\">\u00c0 l\u2019\u00c9cole des \u00e2nes mara\u00eechers avec Pascal Sachot<\/a><\/blockquote><iframe sandbox=\"allow-scripts\" security=\"restricted\" src=\"https:\/\/agriweb.tv\/index.php\/film\/a-lecole-des-anes-maraichers-avec-pascal-sachot\/embed\/#?secret=5hxHNqRNKU\" width=\"600\" height=\"338\" title=\"\u00ab\u00a0\u00c0 l\u2019\u00c9cole des \u00e2nes mara\u00eechers avec Pascal Sachot\u00a0\u00bb &#8212; AGRIWEB TV\" data-secret=\"5hxHNqRNKU\" frameborder=\"0\" marginwidth=\"0\" marginheight=\"0\" scrolling=\"no\" class=\"wp-embedded-content\"><\/iframe><script type=\"text\/javascript\">\n\/* <![CDATA[ *\/\n\/*! This file is auto-generated *\/\n!function(d,l){\"use strict\";l.querySelector&&d.addEventListener&&\"undefined\"!=typeof URL&&(d.wp=d.wp||{},d.wp.receiveEmbedMessage||(d.wp.receiveEmbedMessage=function(e){var t=e.data;if((t||t.secret||t.message||t.value)&&!\/[^a-zA-Z0-9]\/.test(t.secret)){for(var s,r,n,a=l.querySelectorAll('iframe[data-secret=\"'+t.secret+'\"]'),o=l.querySelectorAll('blockquote[data-secret=\"'+t.secret+'\"]'),c=new RegExp(\"^https?:$\",\"i\"),i=0;i<o.length;i++)o[i].style.display=\"none\";for(i=0;i<a.length;i++)s=a[i],e.source===s.contentWindow&&(s.removeAttribute(\"style\"),\"height\"===t.message?(1e3<(r=parseInt(t.value,10))?r=1e3:~~r<200&&(r=200),s.height=r):\"link\"===t.message&&(r=new URL(s.getAttribute(\"src\")),n=new URL(t.value),c.test(n.protocol))&&n.host===r.host&&l.activeElement===s&&(d.top.location.href=t.value))}},d.addEventListener(\"message\",d.wp.receiveEmbedMessage,!1),l.addEventListener(\"DOMContentLoaded\",function(){for(var e,t,s=l.querySelectorAll(\"iframe.wp-embedded-content\"),r=0;r<s.length;r++)(t=(e=s[r]).getAttribute(\"data-secret\"))||(t=Math.random().toString(36).substring(2,12),e.src+=\"#?secret=\"+t,e.setAttribute(\"data-secret\",t)),e.contentWindow.postMessage({message:\"ready\",secret:t},\"*\")},!1)))}(window,document);\n\/* ]]> *\/\n<\/script>\n","thumbnail_url":"https:\/\/agriweb.tv\/wp-content\/uploads\/2020\/04\/SACHOT.jpg","thumbnail_width":1000,"thumbnail_height":605,"description":"Pascal Sachot n&rsquo;est pas agriculteur mais directeur de l&rsquo;\u00c9cole nationale des Anes Mara\u00eechers \u00e0 Villeneuve-sur-Lot dans le Lot-et-Garonne. Il \u00e9duque les \u00e2nes c&rsquo;est-\u00e0-dire qu&rsquo;il les pr\u00e9pare \u00e0 leur futur travail sur des exploitations mara\u00eech\u00e8res. Juste avant le confinement li\u00e9 \u00e0 la pand\u00e9mie de Covid-19, une dizaine d&rsquo;\u00e2nes venaient d&rsquo;entamer leur cursus au sein de l&rsquo;\u00e9cole. [&hellip;]"}

À l’École des ânes maraîchers avec Pascal Sachot - AGRIWEB TV

<blockquote class="wp-embedded-content" data-secret="5hxHNqRNKU"><a href="https://agriweb.tv/index.php/film/a-lecole-des-anes-maraichers-avec-pascal-sachot/">À l’École des ânes maraîchers avec Pascal Sachot</a></blockquote><iframe sandbox="allow-scripts" security="restricted" src="https://agriweb.tv/index.php/film/a-lecole-des-anes-maraichers-avec-pascal-sachot/embed/#?secret=5hxHNqRNKU" width="600" height="338" title="« À l’École des ânes maraîchers avec Pascal Sachot » &#8212; AGRIWEB TV" data-secret="5hxHNqRNKU" frameborder="0" marginwidth="0" marginheight="0" scrolling="no" class="wp-embedded-content"></iframe><script type="text/javascript">
/* <![CDATA[ */
/*! This file is auto-generated */
!function(d,l){"use strict";l.querySelector&&d.addEventListener&&"undefined"!=typeof URL&&(d.wp=d.wp||{},d.wp.receiveEmbedMessage||(d.wp.receiveEmbedMessage=function(e){var t=e.data;if((t||t.secret||t.message||t.value)&&!/[^a-zA-Z0-9]/.test(t.secret)){for(var s,r,n,a=l.querySelectorAll('iframe[data-secret="'+t.secret+'"]'),o=l.querySelectorAll('blockquote[data-secret="'+t.secret+'"]'),c=new RegExp("^https?:$","i"),i=0;i<o.length;i++)o[i].style.display="none";for(i=0;i<a.length;i++)s=a[i],e.source===s.contentWindow&&(s.removeAttribute("style"),"height"===t.message?(1e3<(r=parseInt(t.value,10))?r=1e3:~~r<200&&(r=200),s.height=r):"link"===t.message&&(r=new URL(s.getAttribute("src")),n=new URL(t.value),c.test(n.protocol))&&n.host===r.host&&l.activeElement===s&&(d.top.location.href=t.value))}},d.addEventListener("message",d.wp.receiveEmbedMessage,!1),l.addEventListener("DOMContentLoaded",function(){for(var e,t,s=l.querySelectorAll("iframe.wp-embedded-content"),r=0;r<s.length;r++)(t=(e=s[r]).getAttribute("data-secret"))||(t=Math.random().toString(36).substring(2,12),e.src+="#?secret="+t,e.setAttribute("data-secret",t)),e.contentWindow.postMessage({message:"ready",secret:t},"*")},!1)))}(window,document);
/* ]]> */
</script>

Pascal Sachot n&rsquo;est pas agriculteur mais directeur de l&rsquo;École nationale des Anes Maraîchers à Villeneuve-sur-Lot dans le Lot-et-Garonne. Il éduque les ânes c&rsquo;est-à-dire qu&rsquo;il les prépare à leur futur travail sur des exploitations maraîchères. Juste avant le confinement lié à la pandémie de Covid-19, une dizaine d&rsquo;ânes venaient d&rsquo;entamer leur cursus au sein de l&rsquo;école. [&hellip;]
