{"version":"1.0","provider_name":"AGRIWEB TV","provider_url":"https:\/\/agriweb.tv","author_name":"Nicolas Vidil","author_url":"https:\/\/agriweb.tv\/index.php\/author\/n-vidil\/","title":"Au temps des moissons - AGRIWEB TV","type":"rich","width":600,"height":338,"html":"<blockquote class=\"wp-embedded-content\" data-secret=\"q8O9zn3doE\"><a href=\"https:\/\/agriweb.tv\/index.php\/film\/au-temps-des-moissons\/\">Au temps des moissons<\/a><\/blockquote><iframe sandbox=\"allow-scripts\" security=\"restricted\" src=\"https:\/\/agriweb.tv\/index.php\/film\/au-temps-des-moissons\/embed\/#?secret=q8O9zn3doE\" width=\"600\" height=\"338\" title=\"\u00ab\u00a0Au temps des moissons\u00a0\u00bb &#8212; AGRIWEB TV\" data-secret=\"q8O9zn3doE\" frameborder=\"0\" marginwidth=\"0\" marginheight=\"0\" scrolling=\"no\" class=\"wp-embedded-content\"><\/iframe><script type=\"text\/javascript\">\n\/* <![CDATA[ *\/\n\/*! This file is auto-generated *\/\n!function(d,l){\"use strict\";l.querySelector&&d.addEventListener&&\"undefined\"!=typeof URL&&(d.wp=d.wp||{},d.wp.receiveEmbedMessage||(d.wp.receiveEmbedMessage=function(e){var t=e.data;if((t||t.secret||t.message||t.value)&&!\/[^a-zA-Z0-9]\/.test(t.secret)){for(var s,r,n,a=l.querySelectorAll('iframe[data-secret=\"'+t.secret+'\"]'),o=l.querySelectorAll('blockquote[data-secret=\"'+t.secret+'\"]'),c=new RegExp(\"^https?:$\",\"i\"),i=0;i<o.length;i++)o[i].style.display=\"none\";for(i=0;i<a.length;i++)s=a[i],e.source===s.contentWindow&&(s.removeAttribute(\"style\"),\"height\"===t.message?(1e3<(r=parseInt(t.value,10))?r=1e3:~~r<200&&(r=200),s.height=r):\"link\"===t.message&&(r=new URL(s.getAttribute(\"src\")),n=new URL(t.value),c.test(n.protocol))&&n.host===r.host&&l.activeElement===s&&(d.top.location.href=t.value))}},d.addEventListener(\"message\",d.wp.receiveEmbedMessage,!1),l.addEventListener(\"DOMContentLoaded\",function(){for(var e,t,s=l.querySelectorAll(\"iframe.wp-embedded-content\"),r=0;r<s.length;r++)(t=(e=s[r]).getAttribute(\"data-secret\"))||(t=Math.random().toString(36).substring(2,12),e.src+=\"#?secret=\"+t,e.setAttribute(\"data-secret\",t)),e.contentWindow.postMessage({message:\"ready\",secret:t},\"*\")},!1)))}(window,document);\n\/* ]]> *\/\n<\/script>\n","thumbnail_url":"https:\/\/agriweb.tv\/wp-content\/uploads\/2021\/07\/Ph-Bejaud.jpg","thumbnail_width":922,"thumbnail_height":996,"description":"Cela n\u2019a pas pu vous \u00e9chapper. Actuellement, les moissonneurs battent \u00e0 plein r\u00e9gime (entre les gouttes d\u2019eau). Effectivement, c\u2019est la pleine saison de la moisson pour les c\u00e9r\u00e9ales d\u2019\u00e9t\u00e9. Philippe Bejaud, agriculteur depuis 38 ans au GAEC Grains Gars Lait de Saint-Julien-l\u2019Ars dans la Vienne, nous fait d\u00e9couvrir les coulisses de sa moisson. Cette ann\u00e9e [&hellip;]"}

Cela n’a pas pu vous échapper. Actuellement, les moissonneurs battent à plein régime (entre les gouttes d’eau). Effectivement, c’est la pleine saison de la moisson pour les céréales d’été. Philippe Bejaud, agriculteur depuis 38 ans au GAEC Grains Gars Lait de Saint-Julien-l’Ars dans la Vienne, nous fait découvrir les coulisses de sa moisson. Cette année [&hellip;]
