{"version":"1.0","provider_name":"AGRIWEB TV","provider_url":"https:\/\/agriweb.tv","author_name":"l.candelon","author_url":"https:\/\/agriweb.tv\/index.php\/author\/l-candelon\/","title":"Audrey DOUVILLE & Be\u00f1at ONDICOL pr\u00e9sentent la ch\u00e8vre Pyr\u00e9n\u00e9enne - AGRIWEB TV","type":"rich","width":600,"height":338,"html":"<blockquote class=\"wp-embedded-content\" data-secret=\"MfoKo3vdG7\"><a href=\"https:\/\/agriweb.tv\/index.php\/film\/audrey-douville-benat-ondicol-presentent-la-chevre-pyreneenne\/\">Audrey DOUVILLE &#038; Be\u00f1at ONDICOL pr\u00e9sentent la ch\u00e8vre Pyr\u00e9n\u00e9enne<\/a><\/blockquote><iframe sandbox=\"allow-scripts\" security=\"restricted\" src=\"https:\/\/agriweb.tv\/index.php\/film\/audrey-douville-benat-ondicol-presentent-la-chevre-pyreneenne\/embed\/#?secret=MfoKo3vdG7\" width=\"600\" height=\"338\" title=\"\u00ab\u00a0Audrey DOUVILLE &#038; Be\u00f1at ONDICOL pr\u00e9sentent la ch\u00e8vre Pyr\u00e9n\u00e9enne\u00a0\u00bb &#8212; AGRIWEB TV\" data-secret=\"MfoKo3vdG7\" frameborder=\"0\" marginwidth=\"0\" marginheight=\"0\" scrolling=\"no\" class=\"wp-embedded-content\"><\/iframe><script type=\"text\/javascript\">\n\/* <![CDATA[ *\/\n\/*! This file is auto-generated *\/\n!function(d,l){\"use strict\";l.querySelector&&d.addEventListener&&\"undefined\"!=typeof URL&&(d.wp=d.wp||{},d.wp.receiveEmbedMessage||(d.wp.receiveEmbedMessage=function(e){var t=e.data;if((t||t.secret||t.message||t.value)&&!\/[^a-zA-Z0-9]\/.test(t.secret)){for(var s,r,n,a=l.querySelectorAll('iframe[data-secret=\"'+t.secret+'\"]'),o=l.querySelectorAll('blockquote[data-secret=\"'+t.secret+'\"]'),c=new RegExp(\"^https?:$\",\"i\"),i=0;i<o.length;i++)o[i].style.display=\"none\";for(i=0;i<a.length;i++)s=a[i],e.source===s.contentWindow&&(s.removeAttribute(\"style\"),\"height\"===t.message?(1e3<(r=parseInt(t.value,10))?r=1e3:~~r<200&&(r=200),s.height=r):\"link\"===t.message&&(r=new URL(s.getAttribute(\"src\")),n=new URL(t.value),c.test(n.protocol))&&n.host===r.host&&l.activeElement===s&&(d.top.location.href=t.value))}},d.addEventListener(\"message\",d.wp.receiveEmbedMessage,!1),l.addEventListener(\"DOMContentLoaded\",function(){for(var e,t,s=l.querySelectorAll(\"iframe.wp-embedded-content\"),r=0;r<s.length;r++)(t=(e=s[r]).getAttribute(\"data-secret\"))||(t=Math.random().toString(36).substring(2,12),e.src+=\"#?secret=\"+t,e.setAttribute(\"data-secret\",t)),e.contentWindow.postMessage({message:\"ready\",secret:t},\"*\")},!1)))}(window,document);\n\/* ]]> *\/\n<\/script>\n","thumbnail_url":"https:\/\/agriweb.tv\/wp-content\/uploads\/2020\/11\/Audrey-DOUVILLE.jpg","thumbnail_width":300,"thumbnail_height":426,"description":"Audrey Douville est \u00e9leveuse de ch\u00e8vres pyr\u00e9n\u00e9ennes depuis 2018 dans les Hautes-Pyr\u00e9n\u00e9es. Elle \u00e9l\u00e8ve 50 animaux en syst\u00e8me extensif. Be\u00f1at Ondicol est \u00e9leveur depuis 55 ch\u00e8vres et 10 chevrettes depuis le d\u00e9but des ann\u00e9es 2000. La ch\u00e8vre pyr\u00e9n\u00e9enne est un animal rustique qui avait pratiquement disparue dans les ann\u00e9es 80. Aujourd\u2019hui l\u2019association Ch\u00e8vre des Pyr\u00e9n\u00e9es [&hellip;]"}

Audrey DOUVILLE & Beñat ONDICOL présentent la chèvre Pyrénéenne - AGRIWEB TV

<blockquote class="wp-embedded-content" data-secret="MfoKo3vdG7"><a href="https://agriweb.tv/index.php/film/audrey-douville-benat-ondicol-presentent-la-chevre-pyreneenne/">Audrey DOUVILLE &#038; Beñat ONDICOL présentent la chèvre Pyrénéenne</a></blockquote><iframe sandbox="allow-scripts" security="restricted" src="https://agriweb.tv/index.php/film/audrey-douville-benat-ondicol-presentent-la-chevre-pyreneenne/embed/#?secret=MfoKo3vdG7" width="600" height="338" title="« Audrey DOUVILLE &#038; Beñat ONDICOL présentent la chèvre Pyrénéenne » &#8212; AGRIWEB TV" data-secret="MfoKo3vdG7" frameborder="0" marginwidth="0" marginheight="0" scrolling="no" class="wp-embedded-content"></iframe><script type="text/javascript">
/* <![CDATA[ */
/*! This file is auto-generated */
!function(d,l){"use strict";l.querySelector&&d.addEventListener&&"undefined"!=typeof URL&&(d.wp=d.wp||{},d.wp.receiveEmbedMessage||(d.wp.receiveEmbedMessage=function(e){var t=e.data;if((t||t.secret||t.message||t.value)&&!/[^a-zA-Z0-9]/.test(t.secret)){for(var s,r,n,a=l.querySelectorAll('iframe[data-secret="'+t.secret+'"]'),o=l.querySelectorAll('blockquote[data-secret="'+t.secret+'"]'),c=new RegExp("^https?:$","i"),i=0;i<o.length;i++)o[i].style.display="none";for(i=0;i<a.length;i++)s=a[i],e.source===s.contentWindow&&(s.removeAttribute("style"),"height"===t.message?(1e3<(r=parseInt(t.value,10))?r=1e3:~~r<200&&(r=200),s.height=r):"link"===t.message&&(r=new URL(s.getAttribute("src")),n=new URL(t.value),c.test(n.protocol))&&n.host===r.host&&l.activeElement===s&&(d.top.location.href=t.value))}},d.addEventListener("message",d.wp.receiveEmbedMessage,!1),l.addEventListener("DOMContentLoaded",function(){for(var e,t,s=l.querySelectorAll("iframe.wp-embedded-content"),r=0;r<s.length;r++)(t=(e=s[r]).getAttribute("data-secret"))||(t=Math.random().toString(36).substring(2,12),e.src+="#?secret="+t,e.setAttribute("data-secret",t)),e.contentWindow.postMessage({message:"ready",secret:t},"*")},!1)))}(window,document);
/* ]]> */
</script>

Audrey Douville est éleveuse de chèvres pyrénéennes depuis 2018 dans les Hautes-Pyrénées. Elle élève 50 animaux en système extensif. Beñat Ondicol est éleveur depuis 55 chèvres et 10 chevrettes depuis le début des années 2000. La chèvre pyrénéenne est un animal rustique qui avait pratiquement disparue dans les années 80. Aujourd’hui l’association Chèvre des Pyrénées [&hellip;]
