{"version":"1.0","provider_name":"AGRIWEB TV","provider_url":"https:\/\/agriweb.tv","author_name":"l.candelon","author_url":"https:\/\/agriweb.tv\/index.php\/author\/l-candelon\/","title":"L\u2019agriculture une histoire de famille chez les Lasternas - AGRIWEB TV","type":"rich","width":600,"height":338,"html":"<blockquote class=\"wp-embedded-content\" data-secret=\"IwA6vGIhM2\"><a href=\"https:\/\/agriweb.tv\/index.php\/film\/lagriculture-une-histoire-de-famille-chez-les-lasternas\/\">L\u2019agriculture une histoire de famille chez les Lasternas<\/a><\/blockquote><iframe sandbox=\"allow-scripts\" security=\"restricted\" src=\"https:\/\/agriweb.tv\/index.php\/film\/lagriculture-une-histoire-de-famille-chez-les-lasternas\/embed\/#?secret=IwA6vGIhM2\" width=\"600\" height=\"338\" title=\"\u00ab\u00a0L\u2019agriculture une histoire de famille chez les Lasternas\u00a0\u00bb &#8212; AGRIWEB TV\" data-secret=\"IwA6vGIhM2\" frameborder=\"0\" marginwidth=\"0\" marginheight=\"0\" scrolling=\"no\" class=\"wp-embedded-content\"><\/iframe><script type=\"text\/javascript\">\n\/* <![CDATA[ *\/\n\/*! This file is auto-generated *\/\n!function(d,l){\"use strict\";l.querySelector&&d.addEventListener&&\"undefined\"!=typeof URL&&(d.wp=d.wp||{},d.wp.receiveEmbedMessage||(d.wp.receiveEmbedMessage=function(e){var t=e.data;if((t||t.secret||t.message||t.value)&&!\/[^a-zA-Z0-9]\/.test(t.secret)){for(var s,r,n,a=l.querySelectorAll('iframe[data-secret=\"'+t.secret+'\"]'),o=l.querySelectorAll('blockquote[data-secret=\"'+t.secret+'\"]'),c=new RegExp(\"^https?:$\",\"i\"),i=0;i<o.length;i++)o[i].style.display=\"none\";for(i=0;i<a.length;i++)s=a[i],e.source===s.contentWindow&&(s.removeAttribute(\"style\"),\"height\"===t.message?(1e3<(r=parseInt(t.value,10))?r=1e3:~~r<200&&(r=200),s.height=r):\"link\"===t.message&&(r=new URL(s.getAttribute(\"src\")),n=new URL(t.value),c.test(n.protocol))&&n.host===r.host&&l.activeElement===s&&(d.top.location.href=t.value))}},d.addEventListener(\"message\",d.wp.receiveEmbedMessage,!1),l.addEventListener(\"DOMContentLoaded\",function(){for(var e,t,s=l.querySelectorAll(\"iframe.wp-embedded-content\"),r=0;r<s.length;r++)(t=(e=s[r]).getAttribute(\"data-secret\"))||(t=Math.random().toString(36).substring(2,12),e.src+=\"#?secret=\"+t,e.setAttribute(\"data-secret\",t)),e.contentWindow.postMessage({message:\"ready\",secret:t},\"*\")},!1)))}(window,document);\n\/* ]]> *\/\n<\/script>\n","thumbnail_url":"https:\/\/agriweb.tv\/wp-content\/uploads\/2020\/12\/Olivier-Lasternas.jpg","thumbnail_width":300,"thumbnail_height":426,"description":"L\u2019agriculture c\u2019est une histoire qui se vit en famille pour Olivier Lasternas, son \u00e9pouse et ses deux filles. La plus \u00e2g\u00e9e des deux, Camille, est d\u00e9j\u00e0 salari\u00e9e sur l\u2019exploitation et la cadette Clara devrait suivre ses traces. Depuis un an et demi, la ferme d\u2019Olivier est en conversion bio. Les vaches Limousines se partagent la [&hellip;]"}

L’agriculture c’est une histoire qui se vit en famille pour Olivier Lasternas, son épouse et ses deux filles. La plus âgée des deux, Camille, est déjà salariée sur l’exploitation et la cadette Clara devrait suivre ses traces. Depuis un an et demi, la ferme d’Olivier est en conversion bio. Les vaches Limousines se partagent la [&hellip;]
