{"version":"1.0","provider_name":"AGRIWEB TV","provider_url":"https:\/\/agriweb.tv","author_name":"l.candelon","author_url":"https:\/\/agriweb.tv\/index.php\/author\/l-candelon\/","title":"Soyons gourmands \u2013 Cuisinons ensemble \u00e0 la maison ! - AGRIWEB TV","type":"rich","width":600,"height":338,"html":"<blockquote class=\"wp-embedded-content\" data-secret=\"AdivORcfIN\"><a href=\"https:\/\/agriweb.tv\/index.php\/film\/soyons-gourmands-cuisinons-ensemble-a-la-maison-3\/\">Soyons gourmands \u2013 Cuisinons ensemble \u00e0 la maison !<\/a><\/blockquote><iframe sandbox=\"allow-scripts\" security=\"restricted\" src=\"https:\/\/agriweb.tv\/index.php\/film\/soyons-gourmands-cuisinons-ensemble-a-la-maison-3\/embed\/#?secret=AdivORcfIN\" width=\"600\" height=\"338\" title=\"\u00ab\u00a0Soyons gourmands \u2013 Cuisinons ensemble \u00e0 la maison !\u00a0\u00bb &#8212; AGRIWEB TV\" data-secret=\"AdivORcfIN\" frameborder=\"0\" marginwidth=\"0\" marginheight=\"0\" scrolling=\"no\" class=\"wp-embedded-content\"><\/iframe><script type=\"text\/javascript\">\n\/* <![CDATA[ *\/\n\/*! This file is auto-generated *\/\n!function(d,l){\"use strict\";l.querySelector&&d.addEventListener&&\"undefined\"!=typeof URL&&(d.wp=d.wp||{},d.wp.receiveEmbedMessage||(d.wp.receiveEmbedMessage=function(e){var t=e.data;if((t||t.secret||t.message||t.value)&&!\/[^a-zA-Z0-9]\/.test(t.secret)){for(var s,r,n,a=l.querySelectorAll('iframe[data-secret=\"'+t.secret+'\"]'),o=l.querySelectorAll('blockquote[data-secret=\"'+t.secret+'\"]'),c=new RegExp(\"^https?:$\",\"i\"),i=0;i<o.length;i++)o[i].style.display=\"none\";for(i=0;i<a.length;i++)s=a[i],e.source===s.contentWindow&&(s.removeAttribute(\"style\"),\"height\"===t.message?(1e3<(r=parseInt(t.value,10))?r=1e3:~~r<200&&(r=200),s.height=r):\"link\"===t.message&&(r=new URL(s.getAttribute(\"src\")),n=new URL(t.value),c.test(n.protocol))&&n.host===r.host&&l.activeElement===s&&(d.top.location.href=t.value))}},d.addEventListener(\"message\",d.wp.receiveEmbedMessage,!1),l.addEventListener(\"DOMContentLoaded\",function(){for(var e,t,s=l.querySelectorAll(\"iframe.wp-embedded-content\"),r=0;r<s.length;r++)(t=(e=s[r]).getAttribute(\"data-secret\"))||(t=Math.random().toString(36).substring(2,12),e.src+=\"#?secret=\"+t,e.setAttribute(\"data-secret\",t)),e.contentWindow.postMessage({message:\"ready\",secret:t},\"*\")},!1)))}(window,document);\n\/* ]]> *\/\n<\/script>\n","thumbnail_url":"https:\/\/agriweb.tv\/wp-content\/uploads\/2020\/05\/GOURMANDS-201300.jpg","thumbnail_width":300,"thumbnail_height":426,"description":"Dans cet \u00e9pisode, commencez par d\u00e9couvrir un portrait de producteurs de B\u0153uf Limousin, Alexandre, puis continuer cette aventure en jouant avec nous dans un atelier du go\u00fbt, pilot\u00e9 par Virginie Hildelbert de Carr\u00e9ment Go\u00fbt. Au programme, la Noix du P\u00e9rigord AOP. Le saviez-vous c\u2019est bient\u00f4t la Pentec\u00f4te, et \u00e0 la Pentec\u00f4te, on consomme agneau, chevreau [&hellip;]"}

Soyons gourmands – Cuisinons ensemble à la maison ! - AGRIWEB TV

<blockquote class="wp-embedded-content" data-secret="AdivORcfIN"><a href="https://agriweb.tv/index.php/film/soyons-gourmands-cuisinons-ensemble-a-la-maison-3/">Soyons gourmands – Cuisinons ensemble à la maison !</a></blockquote><iframe sandbox="allow-scripts" security="restricted" src="https://agriweb.tv/index.php/film/soyons-gourmands-cuisinons-ensemble-a-la-maison-3/embed/#?secret=AdivORcfIN" width="600" height="338" title="« Soyons gourmands – Cuisinons ensemble à la maison ! » &#8212; AGRIWEB TV" data-secret="AdivORcfIN" frameborder="0" marginwidth="0" marginheight="0" scrolling="no" class="wp-embedded-content"></iframe><script type="text/javascript">
/* <![CDATA[ */
/*! This file is auto-generated */
!function(d,l){"use strict";l.querySelector&&d.addEventListener&&"undefined"!=typeof URL&&(d.wp=d.wp||{},d.wp.receiveEmbedMessage||(d.wp.receiveEmbedMessage=function(e){var t=e.data;if((t||t.secret||t.message||t.value)&&!/[^a-zA-Z0-9]/.test(t.secret)){for(var s,r,n,a=l.querySelectorAll('iframe[data-secret="'+t.secret+'"]'),o=l.querySelectorAll('blockquote[data-secret="'+t.secret+'"]'),c=new RegExp("^https?:$","i"),i=0;i<o.length;i++)o[i].style.display="none";for(i=0;i<a.length;i++)s=a[i],e.source===s.contentWindow&&(s.removeAttribute("style"),"height"===t.message?(1e3<(r=parseInt(t.value,10))?r=1e3:~~r<200&&(r=200),s.height=r):"link"===t.message&&(r=new URL(s.getAttribute("src")),n=new URL(t.value),c.test(n.protocol))&&n.host===r.host&&l.activeElement===s&&(d.top.location.href=t.value))}},d.addEventListener("message",d.wp.receiveEmbedMessage,!1),l.addEventListener("DOMContentLoaded",function(){for(var e,t,s=l.querySelectorAll("iframe.wp-embedded-content"),r=0;r<s.length;r++)(t=(e=s[r]).getAttribute("data-secret"))||(t=Math.random().toString(36).substring(2,12),e.src+="#?secret="+t,e.setAttribute("data-secret",t)),e.contentWindow.postMessage({message:"ready",secret:t},"*")},!1)))}(window,document);
/* ]]> */
</script>

Dans cet épisode, commencez par découvrir un portrait de producteurs de Bœuf Limousin, Alexandre, puis continuer cette aventure en jouant avec nous dans un atelier du goût, piloté par Virginie Hildelbert de Carrément Goût. Au programme, la Noix du Périgord AOP. Le saviez-vous c’est bientôt la Pentecôte, et à la Pentecôte, on consomme agneau, chevreau [&hellip;]
