{"version":"1.0","provider_name":"AGRIWEB TV","provider_url":"https:\/\/agriweb.tv","author_name":"l.candelon","author_url":"https:\/\/agriweb.tv\/index.php\/author\/l-candelon\/","title":"Un appel \u00e0 la coop\u00e9ration agroalimentaire espagnole - AGRIWEB TV","type":"rich","width":600,"height":338,"html":"<blockquote class=\"wp-embedded-content\" data-secret=\"2UlChXhRlv\"><a href=\"https:\/\/agriweb.tv\/index.php\/film\/un-appel-a-la-cooperation-agroalimentaire-espagnole\/\">Un appel \u00e0 la coop\u00e9ration agroalimentaire espagnole<\/a><\/blockquote><iframe sandbox=\"allow-scripts\" security=\"restricted\" src=\"https:\/\/agriweb.tv\/index.php\/film\/un-appel-a-la-cooperation-agroalimentaire-espagnole\/embed\/#?secret=2UlChXhRlv\" width=\"600\" height=\"338\" title=\"\u00ab\u00a0Un appel \u00e0 la coop\u00e9ration agroalimentaire espagnole\u00a0\u00bb &#8212; AGRIWEB TV\" data-secret=\"2UlChXhRlv\" frameborder=\"0\" marginwidth=\"0\" marginheight=\"0\" scrolling=\"no\" class=\"wp-embedded-content\"><\/iframe><script type=\"text\/javascript\">\n\/* <![CDATA[ *\/\n\/*! This file is auto-generated *\/\n!function(d,l){\"use strict\";l.querySelector&&d.addEventListener&&\"undefined\"!=typeof URL&&(d.wp=d.wp||{},d.wp.receiveEmbedMessage||(d.wp.receiveEmbedMessage=function(e){var t=e.data;if((t||t.secret||t.message||t.value)&&!\/[^a-zA-Z0-9]\/.test(t.secret)){for(var s,r,n,a=l.querySelectorAll('iframe[data-secret=\"'+t.secret+'\"]'),o=l.querySelectorAll('blockquote[data-secret=\"'+t.secret+'\"]'),c=new RegExp(\"^https?:$\",\"i\"),i=0;i<o.length;i++)o[i].style.display=\"none\";for(i=0;i<a.length;i++)s=a[i],e.source===s.contentWindow&&(s.removeAttribute(\"style\"),\"height\"===t.message?(1e3<(r=parseInt(t.value,10))?r=1e3:~~r<200&&(r=200),s.height=r):\"link\"===t.message&&(r=new URL(s.getAttribute(\"src\")),n=new URL(t.value),c.test(n.protocol))&&n.host===r.host&&l.activeElement===s&&(d.top.location.href=t.value))}},d.addEventListener(\"message\",d.wp.receiveEmbedMessage,!1),l.addEventListener(\"DOMContentLoaded\",function(){for(var e,t,s=l.querySelectorAll(\"iframe.wp-embedded-content\"),r=0;r<s.length;r++)(t=(e=s[r]).getAttribute(\"data-secret\"))||(t=Math.random().toString(36).substring(2,12),e.src+=\"#?secret=\"+t,e.setAttribute(\"data-secret\",t)),e.contentWindow.postMessage({message:\"ready\",secret:t},\"*\")},!1)))}(window,document);\n\/* ]]> *\/\n<\/script>\n","thumbnail_url":"https:\/\/agriweb.tv\/wp-content\/uploads\/2020\/05\/GALLEGO.jpg","thumbnail_width":300,"thumbnail_height":426,"description":"Juan Ram\u00f3n Gallego, \u00e9leveur de bovins viande et de porcs ib\u00e9riques \u00e0 Salamanque analyse le contexte actuel pour souligner une sensibilisation plus importante de la soci\u00e9t\u00e9 envers les agriculteurs et les \u00e9leveurs. Il est n\u00e9cessaire de d\u00e9velopper la coop\u00e9ration en Espagne pour assurer un lien direct entre les producteurs et les consommateurs, plus de revenus [&hellip;]"}

Un appel à la coopération agroalimentaire espagnole - AGRIWEB TV

<blockquote class="wp-embedded-content" data-secret="2UlChXhRlv"><a href="https://agriweb.tv/index.php/film/un-appel-a-la-cooperation-agroalimentaire-espagnole/">Un appel à la coopération agroalimentaire espagnole</a></blockquote><iframe sandbox="allow-scripts" security="restricted" src="https://agriweb.tv/index.php/film/un-appel-a-la-cooperation-agroalimentaire-espagnole/embed/#?secret=2UlChXhRlv" width="600" height="338" title="« Un appel à la coopération agroalimentaire espagnole » &#8212; AGRIWEB TV" data-secret="2UlChXhRlv" frameborder="0" marginwidth="0" marginheight="0" scrolling="no" class="wp-embedded-content"></iframe><script type="text/javascript">
/* <![CDATA[ */
/*! This file is auto-generated */
!function(d,l){"use strict";l.querySelector&&d.addEventListener&&"undefined"!=typeof URL&&(d.wp=d.wp||{},d.wp.receiveEmbedMessage||(d.wp.receiveEmbedMessage=function(e){var t=e.data;if((t||t.secret||t.message||t.value)&&!/[^a-zA-Z0-9]/.test(t.secret)){for(var s,r,n,a=l.querySelectorAll('iframe[data-secret="'+t.secret+'"]'),o=l.querySelectorAll('blockquote[data-secret="'+t.secret+'"]'),c=new RegExp("^https?:$","i"),i=0;i<o.length;i++)o[i].style.display="none";for(i=0;i<a.length;i++)s=a[i],e.source===s.contentWindow&&(s.removeAttribute("style"),"height"===t.message?(1e3<(r=parseInt(t.value,10))?r=1e3:~~r<200&&(r=200),s.height=r):"link"===t.message&&(r=new URL(s.getAttribute("src")),n=new URL(t.value),c.test(n.protocol))&&n.host===r.host&&l.activeElement===s&&(d.top.location.href=t.value))}},d.addEventListener("message",d.wp.receiveEmbedMessage,!1),l.addEventListener("DOMContentLoaded",function(){for(var e,t,s=l.querySelectorAll("iframe.wp-embedded-content"),r=0;r<s.length;r++)(t=(e=s[r]).getAttribute("data-secret"))||(t=Math.random().toString(36).substring(2,12),e.src+="#?secret="+t,e.setAttribute("data-secret",t)),e.contentWindow.postMessage({message:"ready",secret:t},"*")},!1)))}(window,document);
/* ]]> */
</script>

Juan Ramón Gallego, éleveur de bovins viande et de porcs ibériques à Salamanque analyse le contexte actuel pour souligner une sensibilisation plus importante de la société envers les agriculteurs et les éleveurs. Il est nécessaire de développer la coopération en Espagne pour assurer un lien direct entre les producteurs et les consommateurs, plus de revenus [&hellip;]
